{"id":150,"date":"2018-08-12T10:05:49","date_gmt":"2018-08-12T08:05:49","guid":{"rendered":"http:\/\/www.f75-schoeneck.de\/?page_id=150"},"modified":"2024-12-15T12:57:30","modified_gmt":"2024-12-15T11:57:30","slug":"aktuelles-funkwetter","status":"publish","type":"page","link":"https:\/\/www.f75-schoeneck.de\/index.php\/amateurfunk-in-schoeneck\/aktuelles-funkwetter\/","title":{"rendered":"Aktuelles Funkwetter"},"content":{"rendered":"<header class=\"entry-header\">\n<h1 class=\"entry-title\">&nbsp;<\/h1>\n<\/header>\n<div class=\"entry-content\"><center>Erl\u00e4uterung zu den angezeigten Daten unten auf dieser Seite.<\/center><center><br \/>\n<a title=\"Click to add Solar-Terrestrial Data to your website!\" href=\"http:\/\/www.hamqsl.com\/solar.html\"><img decoding=\"async\" src=\"http:\/\/www.hamqsl.com\/solar101vhfpic.php\" alt=\"\"><\/a><\/center>&nbsp;<center><br \/>\n<a title=\"Click to add Solar-Terrestrial Data to your website!\" href=\"http:\/\/www.hamqsl.com\/solar.html\"><img decoding=\"async\" src=\"http:\/\/www.hamqsl.com\/solar101sc.php\" alt=\"\"><\/a><\/center>&nbsp;<center><br \/>\n<a title=\"Click to add Solar-Terrestrial Data to your website!\" href=\"http:\/\/www.hamqsl.com\/solar.html\"><img decoding=\"async\" src=\"http:\/\/www.hamqsl.com\/solargraph.php\" alt=\"\"><\/a><\/center>&nbsp;<center><br \/>\n<a title=\"Click to add Solar-Terrestrial Data to your website!\" href=\"http:\/\/www.hamqsl.com\/solar.html\"><img decoding=\"async\" src=\"http:\/\/www.hamqsl.com\/solarmap.php\" alt=\"\"><\/a><\/center><center><\/center><center><\/center><center>Der <b>solare Radioflussindex<\/b> (<i><a title=\"Englische Sprache\" href=\"https:\/\/de.wikipedia.org\/wiki\/Englische_Sprache\">englisch<\/a> <span lang=\"en-Latn\" xml:lang=\"en-Latn\">Solar Radio Flux<\/span><\/i>, verk\u00fcrzt <i>Solar Flux<\/i>, auch <i>F10.7 index<\/i>) ist ein Messwert der solaren <a class=\"mw-redirect\" title=\"Radiostrahlung\" href=\"https:\/\/de.wikipedia.org\/wiki\/Radiostrahlung\">Radiostrahlung<\/a> bei der Frequenz 2800 MHz, entsprechend einer Wellenl\u00e4nge von 10,7 cm. Die Strahlungsst\u00e4rke wird auch als <i>10,7-cm-Strahlung<\/i>, <i>Radioflussindex F<sub>10.7<\/sub><\/i>, <i>Covington-Index (CI)<\/i> oder <i>solarer Flux<\/i> bezeichnet.<\/center><center><\/center><center>Der solare Radioflussindex wird u.\u2009a. zur Vorhersage der Ausbreitungsbedingungen im <a title=\"Kurzwelle\" href=\"https:\/\/de.wikipedia.org\/wiki\/Kurzwelle\">Kurzwellenfunk<\/a> verwendet, da die Ionisation der <a title=\"Ionosph\u00e4re\" href=\"https:\/\/de.wikipedia.org\/wiki\/Ionosph%C3%A4re\">Ionosph\u00e4re<\/a>, die f\u00fcr die R\u00fcckreflexion der Kurzwellen zur Erde hin n\u00f6tig ist, in direktem Zusammenhang mit der Sonnenaktivit\u00e4t steht. Die solare Strahlung dieser Frequenz ist jedoch nicht selbst dazu in der Lage, die Ionosph\u00e4re zu ionisieren. Dies erfolgt haupts\u00e4chlich durch die solare Ultraviolett- und insbesondere R\u00f6ntgenstrahlung. Aus diesem Grund wird der von Satelliten ermittelte Messwert des R\u00f6ntgen-Flux als Grundlage f\u00fcr die Ionisation herangezogen.<\/center>Ein weiterer Grund f\u00fcr seine Verwendung zu Vorhersagezwecken ist die Eigenschaft des solaren Flux, durch <a title=\"Brechung (Physik)\" href=\"https:\/\/de.wikipedia.org\/wiki\/Brechung_(Physik)\">Brechung<\/a> um den Sonnenrand herumzuwandern.<sup id=\"cite_ref-DeutscheWelle_1-2\" class=\"reference\"><a href=\"https:\/\/de.wikipedia.org\/wiki\/Solarer_Radioflussindex#cite_note-DeutscheWelle-1\">[1]<\/a><\/sup> Er dient zur Vorhersage sogenannter <a title=\"Sonnenfleck\" href=\"https:\/\/de.wikipedia.org\/wiki\/Sonnenfleck#AktiveL.C3.A4ngengrade\">aktiver L\u00e4ngengrade<\/a> \u2013 aktiver Sonnenregionen \u2013, die sich noch auf der R\u00fcckseite der Sonne befinden, bald aber am Ostrand erscheinen.<a href=\"http:\/\/www.swpc.noaa.gov\/\" target=\"_blank\" rel=\"noopener\">Aktuelle Daten des SPACE WEATHER PREDICTION CENTER<\/a><br \/>\nNATIONAL OCEANIC AND ATMOSPHERIC ADMINISTRATION<\/div>\n","protected":false},"excerpt":{"rendered":"<p>&nbsp; Erl\u00e4uterung zu den angezeigten Daten unten auf dieser Seite. &nbsp; &nbsp; &nbsp; Der solare Radioflussindex (englisch Solar Radio Flux, verk\u00fcrzt Solar Flux, auch F10.7 index) ist ein Messwert der solaren Radiostrahlung bei der Frequenz 2800 MHz, entsprechend einer Wellenl\u00e4nge von 10,7 cm. Die Strahlungsst\u00e4rke wird auch als 10,7-cm-Strahlung, Radioflussindex F10.7, Covington-Index (CI) oder solarer &#8230; <a title=\"Aktuelles Funkwetter\" class=\"read-more\" href=\"https:\/\/www.f75-schoeneck.de\/index.php\/amateurfunk-in-schoeneck\/aktuelles-funkwetter\/\" aria-label=\"Mehr Informationen \u00fcber Aktuelles Funkwetter\">Weiterlesen<\/a><\/p>\n","protected":false},"author":1,"featured_media":0,"parent":122,"menu_order":0,"comment_status":"closed","ping_status":"closed","template":"","meta":{"ngg_post_thumbnail":0,"footnotes":""},"class_list":["post-150","page","type-page","status-publish"],"_links":{"self":[{"href":"https:\/\/www.f75-schoeneck.de\/index.php\/wp-json\/wp\/v2\/pages\/150","targetHints":{"allow":["GET"]}}],"collection":[{"href":"https:\/\/www.f75-schoeneck.de\/index.php\/wp-json\/wp\/v2\/pages"}],"about":[{"href":"https:\/\/www.f75-schoeneck.de\/index.php\/wp-json\/wp\/v2\/types\/page"}],"author":[{"embeddable":true,"href":"https:\/\/www.f75-schoeneck.de\/index.php\/wp-json\/wp\/v2\/users\/1"}],"replies":[{"embeddable":true,"href":"https:\/\/www.f75-schoeneck.de\/index.php\/wp-json\/wp\/v2\/comments?post=150"}],"version-history":[{"count":4,"href":"https:\/\/www.f75-schoeneck.de\/index.php\/wp-json\/wp\/v2\/pages\/150\/revisions"}],"predecessor-version":[{"id":2043,"href":"https:\/\/www.f75-schoeneck.de\/index.php\/wp-json\/wp\/v2\/pages\/150\/revisions\/2043"}],"up":[{"embeddable":true,"href":"https:\/\/www.f75-schoeneck.de\/index.php\/wp-json\/wp\/v2\/pages\/122"}],"wp:attachment":[{"href":"https:\/\/www.f75-schoeneck.de\/index.php\/wp-json\/wp\/v2\/media?parent=150"}],"curies":[{"name":"wp","href":"https:\/\/api.w.org\/{rel}","templated":true}]}}